{"id":188,"date":"2019-04-20T15:42:52","date_gmt":"2019-04-20T15:42:52","guid":{"rendered":"http:\/\/s405136849.online.de\/?page_id=188"},"modified":"2019-04-20T15:42:52","modified_gmt":"2019-04-20T15:42:52","slug":"impressum","status":"publish","type":"page","link":"https:\/\/blomenkemper.com\/?page_id=188","title":{"rendered":"Impressum"},"content":{"rendered":"\n<p>Kfz- &amp; Werbetechnik A.Blomenkemper<br \/>Telefon (02389) 5 33 555<br \/>FAX\u00a0\u00a0\u00a0\u00a0\u00a0 (02389) 4030 953<br \/>\u00a0<br \/>Postadresse<br \/>L\u00fcnener Str. 19<br \/>59368 Werne<br \/>\u00a0<br \/>E-Mail ab@blomenkemper.com\u00a0\u00a0\u00a0\u00a0 <br \/>Ust-ID-Nr. DE 249 572 310<br \/><br \/><b>Allgemeine Gesch\u00e4ftsbedingungen<\/b><br \/>Allgemeine Gesch\u00e4ftsbedingungen (AGB) der KFZ- und Werbetechnik Andreas Blomenkemper f\u00fcr den Einbau\/ die Lieferung von Autogas-Anlagen, sowie werbetechnische Dienstleistungen. KFZ- und Werbetechnik Andreas Blomenkemper bietet dem Kunden die Lieferung\/ den Einbau von Autogas Anlagen sowie den damit zusammenh\u00e4ngenden Dienstleistungen und Werbetechnik an.<br \/>Diese AGB regeln die erstmalige und jede k\u00fcnftige Gesch\u00e4ftsbeziehung, auch dann, wenn der Kunde die Geltung dieser AGB k\u00fcnftig nicht mehr erneut best\u00e4tigt. Entgegenstehende Bedingungen ihrer Kunden erkennt KFZ- und Werbetechnik Andreas Blomenkemper nicht an.<br \/>Soweit der Kunde mit KFZ- und Werbetechnik Andreas Blomenkemper Vertr\u00e4ge\/ Auftragsbest\u00e4tigungen \u00fcber den Bezug\/ Einbau von Waren und Dienstleistungen schlie\u00dft, gelten die jeweils aktuellen Allgemeinen Gesch\u00e4ftsbedingungen von KFZ- und Werbetechnik Andreas Blomenkemper ausschlie\u00dflich. \u00c4nderungen bed\u00fcrfen der Schriftform.<br \/>1. Lieferungen von Autogas-Anlagen<br \/>a. Lieferungen von Autogas-Anlagen erfolgen ausschlie\u00dflich nur an Gewerbetreibende, die eine Einbauschulung absolviert haben und mit KFZ- und Werbetechnik Andreas Blomenkemper einen Liefervertrag geschlossen haben.<br \/>b. Bis zur Begleichung der Rechnung bleibt die gesamte Lieferung Eigentum der KFZ- und Werbetechnik Andreas Blomenkemper. Bei Zahlungsverz\u00f6gerungen kann KFZ- und Werbetechnik Andreas Blomenkemper ein Eigentumspfandrecht geltend machen und\/oder die gelieferte Autogas-Anlage zur\u00fcckfordern. Damit verbundene Geb\u00fchren und Kosten hat der Kunde zu tragen.<br \/>2. Umr\u00fcstung<br \/>a. Die Umr\u00fcstung erfolgt bei KFZ- und Werbetechnik Andreas Blomenkemper in L\u00fcnen\/ Werne.<br \/>b. Nachstellarbeiten der Gasanlage sind konstruktionsabh\u00e4ngig und stellen keinen Mangel gem\u00e4\u00df \u00a7 440 BGB der Anlagen und des Einbaus dar. Insbesondere sind weitere Einstellarbeiten bei umger\u00fcsteten Fahrzeugen keine M\u00e4ngel, f\u00fcr die KFZ- und Werbetechnik Andreas Blomenkemper in Haftung genommen werden kann. Verschlei\u00dfteile wie z. B. Dichtungen und Membranen sowie entstandene Benzin\/ Gas\/ Flash-Lube Kosten sind grunds\u00e4tzlich von der Garantie\/ Gew\u00e4hrleistung ausgeschlossen. Es besteht w\u00e4hrend einer Reparatur bzw. Wartung der Gasanlage kein Anspruch auf ein Ersatzfahrzeug. Der K\u00fchlwasserstand ist in regelm\u00e4\u00dfigen Abst\u00e4nden zu pr\u00fcfen.<br \/>Die Bedienungs-\/ Wartungsanleitung ist einzuhalten. Insbesondere sind die Wartungsintervalle zum Erhalt der Garantie einzuhalten.<br \/>KFZ- und Werbetechnik Andreas Blomenkemper hat keine Kenntnisse \u00fcber die Gasfestigkeit des Zylinderkopfes, bzw. der Ventile und Ventilsitze<br \/>der umzur\u00fcstenden Fahrzeuge. Grunds\u00e4tzlich ist der Verschlei\u00df im Gasbetrieb an den vorgenannten Baugruppen h\u00f6her. Das Ventilspiel ist alle<br \/>30.000 km zu pr\u00fcfen, gegf. einzustellen. KFZ- und Werbetechnik Andreas Blomenkemper empfiehlt grunds\u00e4tzlich den Einbau des Ventilschutz-<br \/>Additives Flash-Lube, um den m\u00f6glichen gr\u00f6\u00dferen Verschlei\u00df im Gasbetrieb zu minimieren. Der Kunde tr\u00e4gt die Verantwortung f\u00fcr die richtige<br \/>Dosierung des Additives. KFZ- und Werbetechnik Andreas Blomenkemper stellt die Additivmenge kostenlos nach bzw. ein.<br \/>Der Kunde ist auf die M\u00f6glichkeit einer Zusatzversicherung (gegen gesonderte Geb\u00fchr) f\u00fcr gasbedingte Sch\u00e4den hingewiesen worden.<br \/>c. Garantiearbeiten werden grunds\u00e4tzlich nur bei KFZ- und Werbetechnik Andreas Blomenkemper in L\u00fcnen durchgef\u00fchrt.<br \/>Das Gas-Fahrzeug ist von dem Kunden zur Werkstatt zu bringen. Wir verweisen insbesondere auf \u00a7 439 BGB Abs. 3.<br \/>d. Der Einbau in Fahrzeuge erfolgt nach den g\u00fcltigen Richtlinien. F\u00fcr die Einhaltung der Richtlinien ist KFZ- und Werbetechnik Andreas Blomenkemper<br \/>verantwortlich. Fahrzeuge mit einer hohen Laufleistung k\u00f6nnen von KFZ- und Werbetechnik Andreas Blomenkemper abgelehnt oder mit einer<br \/>Einschr\u00e4nkung der Garantie belegt werden.<br \/>e. Die Einteilung der Schadstoffklasse bei umger\u00fcsteten Fahrzeugen erfolgt in der jeweiligen Schadstoffklasse, welche der Motor<br \/>des Testfahrzeuges erreicht hat. Eine R\u00fcckstufung z.B. von Euro 4 in Euro 3 stellt keinen Mangel dar.<br \/>f. Umr\u00fcstungen und kostenpflichtige Serviceleistungen erfolgen nur gegen Bar- oder EC- Kartenzahlung bei Abholung des Fahrzeugs.<br \/>Bei unzureichender Begleichung der Rechnung ist KFZ- und Werbetechnik Andreas Blomenkemper berechtigt, die Herausgabe des<br \/>Fahrzeugs zu versagen.<br \/>g. Autogas-Anlagen und Tanks, die bereits eingebaut wurden, sind von der R\u00fcckgabe grunds\u00e4tzlich ausgeschlossen.<br \/>h. Sollte ein Ausbau der Gasanlage erforderlich werden, weist KFZ- und Werbetechnik Andreas Blomenkemper darauf hin, dass ein Zur\u00fcckversetzen<br \/>des Fahrzeuges in den \u201eUrsprungszustand\u201c nicht durchgef\u00fchrt werden kann. Je nach Ausf\u00fchrung ist es m\u00f6glich, dass z.B. der Schalter oder<br \/>der Betankungsanschluss im Fahrzeug verbleibt. Es besteht kein Anspruch auf das Ersetzen z.B. der Einbaubereiche Schalter, Betankung, Tank<br \/>oder Ansaugbr\u00fccke. KFZ- und Werbetechnik Andreas Blomenkemper sichert einen fachgerechten R\u00fcckbau zu, der die Kundenw\u00fcnsche,<br \/>soweit m\u00f6glich, ber\u00fccksichtigt.<br \/>i. Nach \u00dcbermittlung des Fahrzeugscheins bestellt KFZ- und Werbetechnik Andreas Blomenkemper beim Importeur das Abgasgutachten<br \/>f\u00fcr das umzur\u00fcstende Fahrzeug. Dieses wird nach der Lieferung dem Besteller zugesandt. Aufgrund gro\u00dfer Nachfrage kann es hierbei<br \/>zu erheblichen Zeitverz\u00f6gerungen kommen. Es gelten die aush\u00e4ngenden allgemeinen Bedingungen f\u00fcr die Arbeiten an Kraftfahrzeugen<br \/>des Kraftfahrzeug &#8211; Gewerbes.<br \/>3. Haftung<br \/>a. KFZ- und Werbetechnik Andreas Blomenkemper haftet f\u00fcr Vorsatz und grobe Fahrl\u00e4ssigkeit, f\u00fcr leichte Fahrl\u00e4ssigkeit aber nur bei Verletzung<br \/>vertragswesentlicher Pflichten. Der H\u00f6he nach sind Ersatzanspr\u00fcche auf den Umfang voraussehbarer Sch\u00e4den begrenzt.<br \/>b. Motorsch\u00e4den sind grunds\u00e4tzlich von der Haftung ausgeschlossen. Es sei denn, dass dieser durch die Gasanlage entstanden ist<br \/>und KFZ- und Werbetechnik Andreas Blomenkemper daf\u00fcr die Verantwortung tr\u00e4gt, ausgenommen Ventile und Ventilsitze.<br \/>d. F\u00fcr Zeitverz\u00f6gerungen bei der Bearbeitung und Zusendung von Abgasgutachten besteht gegen\u00fcber<br \/>KFZ- und Werbetechnik Andreas Blomenkemper keine Haftung. KFZ- und Werbetechnik Andreas Blomenkemper hat keinen Einfluss<br \/>auf die Dauer der Bearbeitung bei der Erstellung der Abgasgutachten. Daher sind Schadenersatzleistungen jeglicher Art somit ausgeschlossen.<br \/>4. Salvatorische Klausel<br \/>a. Sollten in den AGB eine oder mehrere Bestimmungen aus tats\u00e4chlichen oder rechtlichen Gr\u00fcnden unwirksam sein oder werden,<br \/>so wird die Wirksamkeit der \u00fcbrigen AGB Bestimmungen hierdurch nicht ber\u00fchrt.<br \/>5. Anwendbares Recht, Erf\u00fcllungsort<br \/>a. Diese Vereinbarung\/ AGB unterliegt dem Recht der Bundesrepublik Deutschland unter Ausschluss des UN-Kaufrechts. Erf\u00fcllungsort ist L\u00fcnen.<br \/>b. Gerichtsstand f\u00fcr alle Rechtsstreitigkeiten aus und im Zusammenhang mit dieser Vereinbarung\/ AGB ist, soweit zul\u00e4ssig, L\u00fcnen.<br \/><br \/>Copyright 2019, KFZ- und Werbetechnik Andreas Blomenkemper, L\u00fcnener Str. 19, 59368 Werne<\/p>\n","protected":false},"excerpt":{"rendered":"","protected":false},"author":10,"featured_media":0,"parent":0,"menu_order":0,"comment_status":"closed","ping_status":"closed","template":"","meta":{"footnotes":""},"class_list":["post-188","page","type-page","status-publish","czr-hentry"],"_links":{"self":[{"href":"https:\/\/blomenkemper.com\/index.php?rest_route=\/wp\/v2\/pages\/188","targetHints":{"allow":["GET"]}}],"collection":[{"href":"https:\/\/blomenkemper.com\/index.php?rest_route=\/wp\/v2\/pages"}],"about":[{"href":"https:\/\/blomenkemper.com\/index.php?rest_route=\/wp\/v2\/types\/page"}],"author":[{"embeddable":true,"href":"https:\/\/blomenkemper.com\/index.php?rest_route=\/wp\/v2\/users\/10"}],"replies":[{"embeddable":true,"href":"https:\/\/blomenkemper.com\/index.php?rest_route=%2Fwp%2Fv2%2Fcomments&post=188"}],"version-history":[{"count":1,"href":"https:\/\/blomenkemper.com\/index.php?rest_route=\/wp\/v2\/pages\/188\/revisions"}],"predecessor-version":[{"id":190,"href":"https:\/\/blomenkemper.com\/index.php?rest_route=\/wp\/v2\/pages\/188\/revisions\/190"}],"wp:attachment":[{"href":"https:\/\/blomenkemper.com\/index.php?rest_route=%2Fwp%2Fv2%2Fmedia&parent=188"}],"curies":[{"name":"wp","href":"https:\/\/api.w.org\/{rel}","templated":true}]}}